at is the greatest common divisor of y and 300?
60
Suppose -16*l - 82 = -17*l. Suppose 168 = 2*t - l. What is the greatest common divisor of t and 25?
25
Let q be (1 - 4) + 3 + 2. Suppose 2*k + 2*k = -3*d + 34, 28 = q*k - 4*d. Let g(t) = -t + 18. Let u be g(k). What is the greatest common divisor of 8 and u?
8
Let d be 6/(-13)*(-377)/29. Calculate the highest common divisor of 2 and d.
2
Let x be (-1)/(-1*(-8)/(-544)). Calculate the highest common divisor of 748 and x.
68
Let h be (1914/(-116))/((-6)/32). What is the highest common factor of 154 and h?
22
Let q be (0 - 1)/(4/(-84)). Let c be -5*(-4)/60*q. What is the highest common divisor of 21 and c?
7
Let z be -2 + 6 - (-2)/(-2). Suppose -28 = -z*v + 83. Let a = 46 - v. What is the highest common divisor of 9 and a?
9
Suppose -25*s = -34*s + 7875. What is the greatest common divisor of s and 25?
25
Let l = 116 - 84. Calculate the greatest common factor of l and 24.
8
Suppose -9*g = -0*g - 27. Let j(n) = 5*n**2 + 2*n - 3. Let q be j(g). Calculate the greatest common divisor of 432 and q.
48
Let d be (-6)/21 - (-1 + (-2064)/21). Let b = 7 + -73. Let j be (0 - b)*(1 - 0). What is the highest common factor of j and d?
33
Let o be (27/(-6))/((-1)/2). Let f(n) = -n**3 - 18*n**2 + 15*n + 7. Let d be f(-19). Let k = -56 + d. Calculate the highest common divisor of k and o.
9
Let f be 6/(-2)*20*(-93)/62. Let x be (-40)/(-6)*6/4. Calculate the highest common factor of f and x.
10
Let n = 9 - 1. Let a(o) = o**2 - 9*o + 10. Let c be a(n). What is the highest common divisor of 22 and c?
2
Suppose -2*c + x + 388 = 0, -5*c + 456 = -4*x - 511. Let f be ((-1)/(-2))/(c/(-66) - -3). What is the greatest common divisor of 1 and f?
1
Suppose -y + 6*g + 239 = 2*g, g - 743 = -3*y. Suppose 3*k - 5*r - 17 = 0, 54 = -28*k + 30*k + 2*r. Calculate the highest common factor of k and y.
19
Let k(u) = -4 + 0*u + 0*u - 3*u + u**2. Let o(j) = -j**3 - 8*j**2 - 10*j - 13. Let d be o(-7). Let v be k(d). What is the greatest common factor of 18 and v?
18
Suppose 9*m - 145 = 215. Calculate the highest common divisor of m and 40.
40
Let x = 38 + 12. Let o = x - 20. What is the highest common factor of 20 and o?
10
Suppose 4*r - 1 = -5*a, -a - a + 4*r = -6. Suppose -5*n + 112 = 2*l, n - 1 = a. What is the highest common divisor of l and 17?
17
Let g be 4/10*(4 + 26). Suppose -5*o + 33 = 4*f, -o + 0*o = f - 9. Calculate the greatest common factor of f and g.
12
Let p(n) = 16*n**2 + 2. Let d be p(-2). Let w = -10 + 54. What is the greatest common factor of w and d?
22
Let y(j) = -j**2 - 14*j + 144. Let x be y(-20). Suppose 0 = -3*b + 25 + 2. Let w be 2/3*b*6. What is the highest common factor of x and w?
12
Let u(a) = a**2 - 5*a - 13. Let j be u(8). Let x(y) = 9*y - 3 - y + y**3 - 4 + 0*y + 11*y**2. Let i be x(-8). Calculate the highest common factor of j and i.
11
Let m be -1 - 3*78/9. Let u be 1/(m/15 + 2). Suppose c - 17 = u. Calculate the greatest common factor of 2 and c.
2
Suppose -156*m + 39 = -153*m. What is the greatest common factor of m and 221?
13
Let s = 2895 - 2021. What is the highest common divisor of s and 57?
19
Let j = 88 - 84. Let f be -16*(2/(-1))/j. Calculate the highest common divisor of f and 12.
4
Let m be 4/(-14)*7/(-1). Suppose 0 = -3*s + m*s. Suppose b + 3*a - 6 = -1, s = 2*b - 2*a - 2. Calculate the highest common factor of b and 18.
2
Let d = -1032 - -1816. Calculate the highest common divisor of d and 147.
49
Suppose -160 = -5*b - l - 15, 4*l + 50 = b. Suppose -5*k + i + 102 = 0, 11*k - 9*k = -5*i + b. Let t = 28 - 20. Calculate the greatest common factor of k and t.
4
Let m = 1 + 6. Suppose j - 3 = m. Let i(s) = 11*s**2 - 1. Let l be i(1). Calculate the greatest common divisor of l and j.
10
Let f = -31 + -25. Let r = 120 + f. Let l = -5 + 13. What is the highest common divisor of r and l?
8
Let q(p) = 6*p**3 + p. Let d be q(3). Let y be -12*(3 + (4 - 195/20)). Calculate the greatest common factor of y and d.
33
Let p = -85 + 219. Suppose 11*j - p = -2. What is the greatest common divisor of j and 96?
12
Suppose -270 + 77 = -3*i + 2*h, 4*h - 244 = -4*i. Let w be (-24)/10 + (-45)/75 + 10. Calculate the highest common divisor of w and i.
7
Let x be 4/10 + ((-39)/(-15) - 4). Let q be (0 + 1)*(133*x)/(-1). Calculate the greatest common factor of q and 38.
19
Let a = 1679 - 1577. What is the greatest common factor of 4182 and a?
102
Let m = -176 - -682. Calculate the highest common factor of m and 22.
22
Suppose -2*w + 4*g + 32 = 0, -g + 3*g = -5*w + 140. Suppose 257*k = 278*k - 2184. What is the greatest common divisor of w and k?
26
Suppose o - 1 = -2*m, o + 1 = m - 2*m. Suppose -m*j = j - 75. Let t be 30/4*20/30. Calculate the greatest common divisor of t and j.
5
Suppose -3*d - 5*h = 184 - 177, 5*h + 9 = -d. What is the greatest common divisor of 103 and d?
1
Let b(t) = 71*t**2 + 4*t - 22. Let g be b(3). What is the greatest common factor of g and 74?
37
Suppose -15*z + 447 + 213 = 0. What is the greatest common divisor of z and 1408?
44
Let j = -1 + 7. Let v be (25/4)/(3/12). Suppose 2*t + 5 = -i + j*t, -5*t = -v. Calculate the greatest common divisor of 135 and i.
15
Let h(f) be the third derivative of 7*f**5/60 - f**4/8 - 4*f**2. Let s be h(2). Calculate the greatest common factor of s and 33.
11
Suppose -23 - 43 = -b. Let y be 24/((-6)/(-33) + (-80)/(-44)). Calculate the highest common factor of y and b.
6
Suppose -4*p = -4*u - 403 + 111, 0 = 7*p + 4*u - 555. What is the greatest common divisor of p and 11?
11
Let x = 39 - 35. Suppose -y + 34 = x. What is the highest common divisor of 45 and y?
15
Let h(l) = 4*l**2 - 66*l + 26. Let q be h(20). What is the greatest common divisor of q and 68?
34
Let i(p) = 28*p - 1. Let d be i(-3). Let j = 127 + d. Suppose 5*w = -5*b + 535, 5*b - 4 = 6. What is the highest common divisor of j and w?
21
Suppose 0 = -102*k + 106*k - 4040. Calculate the highest common divisor of 10 and k.
10
Let l be 70/2*(95 - 92). Let y(j) be the second derivative of 7*j**3/3 + j**2/2 - 2*j. Let g be y(1). What is the greatest common divisor of g and l?
15
Suppose 2*g = 3*v + 50, -91 = -5*g + 4*v + 34. Let x = g - 15. Suppose 0 = 10*b - 14*b + 320. What is the highest common divisor of b and x?
10
Let m(f) = -f + 2. Suppose -2*a + 5*p = 0, 2*a - 4 = -0*a + 3*p. Let k be m(a). Let z be (-40)/k + (-2)/(-3). Calculate the highest common factor of z and 7.
7
Suppose 5*o + 5*t - 9 = -4, 4*o + 3*t - 8 = 0. Let s = 8 + -6. Suppose s = f - o. What is the greatest common factor of f and 35?
7
Let w(p) = -41*p - 2. Let c be w(-1). Let d be 276/45 + (-1 - c/(-45)). Calculate the greatest common divisor of d and 42.
6
Suppose 11 = f + 3. Let d = -54 - 54. Let p = -36 - d. What is the highest common divisor of f and p?
8
Let o be (25 + -18 + -5)/(2/7). What is the highest common factor of o and 63?
7
Suppose -66*d = -75*d + 459. Calculate the greatest common divisor of 221 and d.
17
Suppose 0 = -4*d - 8, 2*g - d + 113 = -85. Let b = g + 196. Let i be (0 + 1)*(-1 - -25). Calculate the greatest common divisor of b and i.
24
Let v = 17 - 6. Suppose -i + 16 = 2*a - v, 0 = 4*a - 4. What is the highest common divisor of i and 10?
5
Let l be (-20)/(-1)*(-3)/(-6). Calculate the highest common factor of l and 240.
10
Suppose 78*w - 9*w - 52923 = 0. What is the highest common divisor of w and 26?
13
Let t(s) be the second derivative of -s**3/6 + s**2 + 14*s. Let u be t(-6). Calculate the greatest common divisor of u and 8.
8
Let z be ((-9)/(-6))/((-1)/(-2)). Let p(c) = 7*c**3 + c**2 + 3*c - 2. Let n be p(2). Let h = -43 + n. What is the greatest common divisor of h and z?
3
Suppose -4*d + 2669 = 13*d. Let q = d - 139. What is the highest common factor of q and 45?
9
Let k = 745 - 313. What is the highest common divisor of 54 and k?
54
Suppose 3*z + j - 48 = 70, 4*j = 2*z - 102. Suppose 4*p - z = k, 4*p - 2*k - 21 = 25. Calculate the highest common divisor of p and 6.
3
Suppose -3*l - 2*k = -347, -2*l + 3*k = k - 238. Calculate the highest common factor of 13 and l.
13
Let l = -307 - -827. Suppose -5*u = -11 - 14, -u = -5*d + l. Calculate the highest common factor of 21 and d.
21
Let m be 10/2 + -22 + 37. What is the greatest common divisor of m and 670?
10
Let w(c) = c - 36. Let y be w(-21). Let p = 